 Let y(z) be the second derivative of n(z). What is y(1)?
35
Let y(l) be the first derivative of l**2/2 + 4*l - 2826. Suppose 0 = -7*o + 4*o - 24. What is y(o)?
-4
Let w(n) be the second derivative of -n**4/12 + 5*n**3/3 - 6*n**2 + 1875*n. What is w(8)?
4
Let d(o) be the first derivative of -o**4/4 - 16*o**3/3 + 2*o**2 + 30*o + 3939. Calculate d(-16).
-34
Let x(t) = t**3 - 11*t**2 + 25*t + 13. Let g be 9/(-18) - 187/(-22). Give x(g).
21
Let b(o) be the second derivative of -o**5/20 - 5*o**4/6 + o**3 + 30*o**2 + o - 28. Let p be b(-10). Let q(n) = n**2 + n - 12. Give q(p).
-12
Let h(k) = k - 8. Let u be (4/14)/(-3*2/(-42)). Let s be (8/(-24))/(u/(-24)). Let r be 3 + 26/s - (-1)/(-2). What is h(r)?
1
Let r(u) be the first derivative of u**4/12 - u**3/3 + 288*u - 260. Let l(s) be the first derivative of r(s). Let t(g) = -2*g - 6. Let p be t(-4). What is l(p)?
0
Let d = 564 + -518. Let h be (-76)/(-10) + d/115. Let u(f) = 2*f**2 - 12*f + 1. Give u(h).
33
Suppose -c + 12*r = 9*r + 4, -8 = -3*c - r. Let x(p) = -p**3 - 96*p**2 + 97*p**2 - c + 3. Determine x(2).
-3
Let b(x) = -2*x**3 + 12*x**2 + 15*x - 6. Let s(f) = f**2 - f - 13. Let w be s(-4). Determine b(w).
1
Let v = -39 - -94. Suppose 9 + 40 = q - 5*l, -q = l - v. Suppose -59*g + 5 = -q*g. Let t(r) = 19*r**3. What is t(g)?
19
Let l(b) = b**2 + 4*b. Suppose -3*q + 16 = -2*i, -4*q + 21 = -5*i - 5. Let v be -1 + 9 + i/1 + 0. Suppose 28 = -v*g + 16. What is l(g)?
-4
Let g(x) = x**3 - 3*x**2 - 22*x + 31. Let r(l) = -7*l**3 - 13*l**2 - 11*l + 1. Let k be r(-1). Determine g(k).
7
Let i(c) be the second derivative of 0 + 0*c**4 + c**2 - 1/2*c**3 + c + 1/10*c**5. Suppose -5*h + h + 27*h - 46 = 0. Determine i(h).
12
Suppose 30*z = 34*z - 216. Suppose 0 = 28*q - 19*q - z. Let h(i) = -16*i**2 + 19*i + 31. Let s(r) = 3*r**2 - 4*r - 6. Let y(m) = 2*h(m) + 11*s(m). Give y(q).
-4
Suppose -2*m = -2*d + 18, -5*m - 54 = -3*d - 17. Let n be (30/(-18))/m*9. Let z(j) = -j**3 + j**2 + 2*j + 1. Determine z(n).
-11
Let w(q) = 47*q - 26148*q**2 + 52294*q**2 + 26 - 26150*q**2. What is w(12)?
14
Let x(z) = -6*z**2 - 70 + 10 + 5*z**2 + 22*z - 3 - 29. What is x(9)?
25
Let u = 55 + -53. Let z(p) = p**2 + 1. Let y(k) = k**2 - k + 1. Let w(f) = u*y(f) - z(f). Let h be (-6 + 2)/(-1 + -1 + 0). Determine w(h).
1
Let x(y) be the second derivative of -y**4/6 + y**3/6 + 59*y**2/2 - 18*y + 17. Give x(0).
59
Let s(p) = -34*p**2 + 53*p + 6. Let y(a) = -17*a**2 + 22*a + 3. Let u(f) = -2*s(f) + 5*y(f). Give u(-1).
-18
Let h(s) be the second derivative of 5*s**3/6 - 4*s**2 - 7*s + 41. What is h(-6)?
-38
Let l(w) = 10*w + 52. Let y(a) = 6*a + 44. Let z(c) = 3*l(c) - 4*y(c). What is z(4)?
4
Let z(p) = 111610*p**3 + 5*p**2 - 25*p - 355 - 111609*p**3 + 360. Determine z(3).
2
Let u(w) = -5*w + 84. Suppose -2047*l + 2015*l = -576. Determine u(l).
-6
Let x be 650/300*(-3)/(-26). Let c(y) be the first derivative of 2*y + y**3 + x*y**4 - 2*y**2 + 7. Determine c(-4).
2
Let j(n) = 2*n - 12 + 593*n**2 - 592*n**2 + 9*n. Let r be -15 + (27/(-3))/(-3). Give j(r).
0
Let o(a) = 2*a**3 - 7*a**2 - 5*a + 16. Let m be (-9 - (72/16)/((-6)/8))/(-1). What is o(m)?
-8
Let h(d) = -23 + 21 + d + d + 0*d. Suppose v - 6 = -8. Calculate h(v).
-6
Let z(r) be the third derivative of -r**5/60 + 5*r**4/8 + 4*r**3/3 + 1574*r**2. Let l(k) = k**2 + 3*k - 3. Let s be l(-6). What is z(s)?
8
Let x(c) = 81*c - 142. Let t be x(18). Suppose -6*k = t - 1310. Let v(g) = -12*g**3 - 2*g**2 - 2*g - 1. Calculate v(k).
11
Let r(d) = 11*d**2 + d. Let l(c) = -8*c**2 + 5*c - 5. Let o(m) = 13*m**2 - 8*m + 8. Let p(q) = 8*l(q) + 5*o(q). Let w(g) = -6*p(g) + r(g). What is w(1)?
6
Suppose 17*z - 921 + 870 = 0. Let j be 8/(3 - 2) + 0. Let y(w) = -11*w + j - 6 - z. Calculate y(1).
-12
Let h = 6 + -10. Let s be ((-8)/36*-6)/((-6)/(-9)). Let w(j) = 4*j**2 + j**3 + 0*j**3 + 60 - s*j - 62. Calculate w(h).
6
Suppose 12*b - 5*b = 3 - 45. Let u(j) = -3*j**3 - 20*j**2 - 15*j - 12. Calculate u(b).
6
Let f(y) = 63*y**3 + 12*y**3 + 15*y**2 - 15*y - 74*y**3 + 42. Determine f(-16).
26
Let i(f) = f**3 + 9*f**2 + 19. Let a(p) = -p**3 + 48*p**2 - 3*p + 135. Let l be a(48). What is i(l)?
19
Suppose 5*l + 2*z = l, -4*l = 5*z - 12. Let v(q) = 8*q + 25. Suppose -5*t = 7*t + 60. Let r(s) = -7*s - 21. Let n(p) = t*v(p) - 6*r(p). Give n(l).
-3
Let g(y) be the third derivative of -y**5/60 + y**4/3 - 10*y**3/3 - 333*y**2. Determine g(6).
-8
Suppose -5*r + 1451 - 406 = 0. Let k = -208 + r. Let q(w) = 12*w. Calculate q(k).
12
Let y(r) be the first derivative of -r**5/20 + r**4/24 - 66*r**2 + 109. Let v(k) be the second derivative of y(k). Calculate v(1).
-2
Let m(o) = -4*o**2 + o**3 + 40628 - o - 3*o**3 + 0*o**3 - 40625 + 0*o**3. Give m(-2).
5
Suppose 0 = 51*y + 53841 - 53127. Let c(d) = -2*d**2 - 27*d + 21. Give c(y).
7
Let x(m) = -m**2 + 4. Let q(b) = 27*b - 450. Let r(w) = -4*w + 64. Let i(j) = -2*q(j) - 15*r(j). Let v be i(10). What is x(v)?
4
Let h(j) = 3*j - 10*j - 2*j - 43*j**3 + 140*j**3 - 15*j + 4*j**2. Let b(q) = 65*q**3 + 3*q**2 - 17*q. Let v(n) = 7*b(n) - 5*h(n). Calculate v(-1).
30
Let d(z) = -4*z**2 - 6*z + 5. Let f(w) = -7*w**2 - 14*w + 12. Let r(t) = -5*d(t) + 3*f(t). Give r(-13).
-2
Let h(o) = -3*o**3 - 13*o**2 + o - 1. Let l(t) = -7*t**3 - 28*t**2 + 2*t - 3. Let q = -937 - -941. Let a(b) = q*l(b) - 9*h(b). What is a(4)?
9
Let y(m) = 3*m**2 - 5*m + 3. Let p(x) = 6*x**2 - 11*x + 6. Let o(l) = 5*p(l) - 11*y(l). Determine o(-6).
-111
Suppose -20 = 44*b - 46*b. Let c(l) = -5*l + b*l + 1 + 0 - l. Give c(-1).
-3
Let h(n) = -1 - 2*n - 2 + 3*n**2 - 4*n**2. Suppose -2*g = -2*k + 75 - 69, 0 = -4*g - 4*k - 4. Calculate h(g).
-3
Let u(z) = -9*z - 26. Let d be u(-6). Let f = 69 - d. Let b = -45 + f. Let k(s) = -s**3 - 4*s**2 - 2*s + 1. Give k(b).
9
Suppose -5*y + 4*r - 1068 = 0, -y + 4*r - 636 = 2*y. Let v = -218 - y. Let u(f) = -f**2 - 2*f. Determine u(v).
0
Let o(q) be the second derivative of -q**5/20 - q**4/3 + 5*q**3/6 - 6*q**2 + q. Let v be 4 - 50/15 - 748/132. Give o(v).
-12
Let w(b) be the third derivative of 4*b**5/15 - b**4/6 + b**3/3 + 469*b**2. Give w(2).
58
Let p(l) = 3*l**3 + 14*l**2 + 2*l - 5. Let k be p(-3). Let i(w) = -w**3 + 34*w**2 - 2*w + 42. What is i(k)?
-26
Let y(u) = 55*u + 35. Let z(f) = -101*f - 70. Let n(d) = -11*y(d) - 6*z(d). What is n(-36)?
-1
Suppose 86*k = -142 - 546. Let u(n) be the first derivative of n**3/3 + 3*n**2 + 8*n + 2. Calculate u(k).
24
Let y(x) = -x - 9. Let o(z) = 146 - 23*z + 13 + 6 + 7*z - 18*z. Let c be o(5). Determine y(c).
-4
Let l(k) = 12*k + 143. Let a(t) = -13*t - 156. Let f(g) = -3*a(g) - 4*l(g). What is f(-12)?
4
Let a be (-7)/(-3) - 6/(-9). Suppose r = -a*r - 96. Let t = r + 24. Let x(f) = f**3 + f**2. Calculate x(t).
0
Let b(x) be the first derivative of -6*x + 157 + 1/2*x**2. What is b(6)?
0
Let u(p) = -9*p + 36. Suppose 83*o = 563 + 184. Determine u(o).
-45
Let m be (-4 - -1)*(30 - 31). Let w(y) = y**m - 28 - 50 - 20 - y**2 + 97 + y. Let b be 1 + 2*(-1)/2. Determine w(b).
-1
Let a = 38 - 36. Let u(b) = b**2 - 4*b**2 + 215 - 214 + a*b**3. What is u(2)?
5
Let s(g) = -g - 3. Let p be 4/(-2) + 146 + 1. Let o = p - 141. Let v be (-288)/80 - o/10. Determine s(v).
1
Let t(n) be the first derivative of n**4/24 + 7*n**3/3 + n**2/2 - 14*n - 35. Let r(d) be the second derivative of t(d). What is r(-18)?
-4
Let q(s) = -465*s + 226*s - 7 + 30*s**2 - 64*s**2 + 33*s**2 + 233*s. Let d(r) = -r**2 - 5*r. Let h be d(-6). What is q(h)?
-7
Let y(w) = 2*w**3 - w**2 + w + 2. Let x be y(2). Let l(q) = 4*q + 6 - x + 9 + 1. Let c = -7 + 4. Calculate l(c).
-12
Let h be (-1878)/126 - (580/(-84) + 7). Let d(v) = v**2 + 7*v + 19. Calculate d(h).
139
Let w(p) = 9*p + 10. Let c = -6227 - -6219. What is w(c)?
-62
Let c = 46 + -29. Suppose 4*o + 5*d = -c, 26*o = 28*o + d + 1. Let q(l) be the first derivative of 2*l**3/3 - l**2/2 + 1. Determine q(o).
6
Let z(g) = -210 + 26*g + 399 + g**2 - 310. What is z(-30)?
-1
Let f be 0/(-1 - (-9 + 3)). Let u(s) = 4*s + f*s - s - 4*s - 2. Give u(3).
-5
Let p(a) = -41*a - 732 + 1271 - 627. Calculate p(-2).
-6
Let c(m) be the third derivative of m**4/6 + 5*m**3/3 - 561*m**2. Give c(0).
10
Let z(w) = 20*w + 263. Let n be z(-13). Suppose 60 = -2*l - 4*i + 54, -n*i = 5*l + 22. Let g(h) = 5*h**2 + 14*h - 6*h + 3 - 3*h**2. Give g(l).
13
Let p(i) = 10*i + 10. L